r when 324 is divided by 81.
0
Calculate the remainder when 919 is divided by 48.
7
What is the remainder when 184 is divided by 50?
34
What is the remainder when 21 is divided by 15?
6
What is the remainder when 544 is divided by 14?
12
Calculate the remainder when 686 is divided by 21.
14
Calculate the remainder when 1100 is divided by 237.
152
Calculate the remainder when 451 is divided by 57.
52
Calculate the remainder when 977 is divided by 274.
155
What is the remainder when 101 is divided by 58?
43
Calculate the remainder when 282 is divided by 101.
80
Calculate the remainder when 671 is divided by 8.
7
What is the remainder when 1181 is divided by 1170?
11
What is the remainder when 1215 is divided by 48?
15
Calculate the remainder when 376 is divided by 32.
24
Calculate the remainder when 523 is divided by 59.
51
Calculate the remainder when 197 is divided by 65.
2
What is the remainder when 207 is divided by 61?
24
Calculate the remainder when 47 is divided by 26.
21
What is the remainder when 172 is divided by 49?
25
Calculate the remainder when 565 is divided by 143.
136
What is the remainder when 261 is divided by 66?
63
What is the remainder when 4059 is divided by 28?
27
What is the remainder when 2141 is divided by 713?
2
What is the remainder when 329 is divided by 55?
54
What is the remainder when 93 is divided by 32?
29
What is the remainder when 33 is divided by 21?
12
What is the remainder when 13172 is divided by 14?
12
What is the remainder when 205 is divided by 11?
7
What is the remainder when 6974 is divided by 241?
226
Calculate the remainder when 11772 is divided by 58.
56
Calculate the remainder when 19054 is divided by 59.
56
What is the remainder when 83 is divided by 34?
15
What is the remainder when 528 is divided by 32?
16
Calculate the remainder when 243 is divided by 8.
3
What is the remainder when 646 is divided by 40?
6
What is the remainder when 544 is divided by 29?
22
What is the remainder when 1102 is divided by 23?
21
What is the remainder when 341 is divided by 85?
1
Calculate the remainder when 107 is divided by 12.
11
What is the remainder when 126 is divided by 57?
12
What is the remainder when 718 is divided by 337?
44
What is the remainder when 2489 is divided by 15?
14
Calculate the remainder when 622 is divided by 117.
37
What is the remainder when 231 is divided by 17?
10
Calculate the remainder when 6881 is divided by 6876.
5
What is the remainder when 1344 is divided by 166?
16
Calculate the remainder when 688 is divided by 115.
113
What is the remainder when 1153 is divided by 34?
31
What is the remainder when 503 is divided by 74?
59
What is the remainder when 207 is divided by 70?
67
Calculate the remainder when 789 is divided by 11.
8
Calculate the remainder when 1250 is divided by 209.
205
Calculate the remainder when 1641 is divided by 165.
156
What is the remainder when 33 is divided by 15?
3
What is the remainder when 181 is divided by 72?
37
What is the remainder when 230 is divided by 26?
22
Calculate the remainder when 1607 is divided by 199.
15
What is the remainder when 10102 is divided by 163?
159
Calculate the remainder when 137 is divided by 18.
11
What is the remainder when 1026 is divided by 256?
2
Calculate the remainder when 403 is divided by 24.
19
What is the remainder when 136 is divided by 3?
1
Calculate the remainder when 668 is divided by 21.
17
Calculate the remainder when 765 is divided by 247.
24
What is the remainder when 243 is divided by 45?
18
Calculate the remainder when 1691 is divided by 121.
118
What is the remainder when 23 is divided by 13?
10
What is the remainder when 90 is divided by 13?
12
Calculate the remainder when 37 is divided by 16.
5
What is the remainder when 155 is divided by 57?
41
Calculate the remainder when 2408 is divided by 18.
14
Calculate the remainder when 4277 is divided by 20.
17
Calculate the remainder when 215 is divided by 101.
13
What is the remainder when 253 is divided by 16?
13
Calculate the remainder when 5327 is divided by 33.
14
What is the remainder when 538 is divided by 15?
13
Calculate the remainder when 674 is divided by 98.
86
What is the remainder when 116 is divided by 7?
4
Calculate the remainder when 419 is divided by 53.
48
What is the remainder when 44 is divided by 9?
8
What is the remainder when 1175 is divided by 29?
15
What is the remainder when 502 is divided by 28?
26
Calculate the remainder when 50 is divided by 5.
0
What is the remainder when 2321 is divided by 154?
11
Calculate the remainder when 942 is divided by 8.
6
Calculate the remainder when 184 is divided by 44.
8
What is the remainder when 612 is divided by 50?
12
Calculate the remainder when 4896 is divided by 23.
20
What is the remainder when 53 is divided by 2?
1
What is the remainder when 4947 is divided by 6?
3
What is the remainder when 234 is divided by 12?
6
What is the remainder when 48 is divided by 29?
19
What is the remainder when 194 is divided by 35?
19
What is the remainder when 1196 is divided by 130?
26
What is the remainder when 737 is divided by 28?
9
Calculate the remainder when 40 is divided by 16.
8
Calculate the remainder when 59 is divided by 12.
11
Calculate the remainder when 9506 is divided by 55.
46
What is the remainder when 910 is divided by 105?
70
Calculate the remainder when 1038 is divided by 340.
18
Calculate the remainder when 1045 is divided by 71.
51
Calculate the remainder when 1696 is divided by 10.
6
What is the remainder when 895 is divided by 81?
4
Calculate the remainder when 115 is divided by 12.
7
What is the remainder when 4281 is divided by 14?
11
What is the remainder when 55 is divided by 4?
3
What is the remainder when 3694 is divided by 132?
130
What is the remainder when 2734 is divided by 171?
169
Calculate the remainder when 37 is divided by 14.
9
Calculate the remainder when 54 is divided by 12.
6
Calculate the remainder when 17510 is divided by 199.
197
Calculate the remainder when 203 is divided by 34.
33
What is the remainder when 50 is divided by 24?
2
What is the remainder when 24 is divided by 10?
4
Calculate the remainder when 678 is divided by 335.
8
What is the remainder when 110 is divided by 35?
5
Calculate the remainder when 369 is divided by 94.
87
Calculate the remainder when 8862 is divided by 45.
42
What is the remainder when 242 is divided by 49?
46
Calculate the remainder when 3119 is divided by 12.
11
What is the remainder when 1275 is divided by 29?
28
What is the remainder when 269 is divided by 131?
7
What is the remainder when 891 is divided by 311?
269
Calculate the remainder when 221 is divided by 53.
9
What is the remainder when 552 is divided by 111?
108
What is the remainder when 1595 is divided by 793?
9
Calculate the remainder when 341 is divided by 96.
53
Calculate the remainder when 359 is divided by 61.
54
What is the remainder when 2245 is divided by 21?
19
Calculate the remainder when 202 is divided by 68.
66
What is the remainder when 51448 is divided by 150?
148
Calculate the remainder when 33639 is divided by 178.
175
What is the remainder when 44 is divided by 4?
0
What is the remainder when 261 is divided by 38?
33
What is the remainder when 894 is divided by 223?
2
What is the remainder when 8125 is divided by 129?
127
Calculate the remainder when 331 is divided by 18.
7
What is the remainder when 155 is divided by 54?
47
What is the remainder when 907 is divided by 229?
220
Calculate the remainder when 69 is divided by 6.
3
What is the remainder when 252 is divided by 6?
0
What is the remainder when 5423 is divided by 38?
27
Calculate the remainder when 3002 is divided by 21.
20
What is the remainder when 20 is divided by 7?
6
Calculate the remainder when 2783 is divided by 17.
12
Calculate the remainder when 278 is divided by 9.
8
What is the remainder when 366 is divided by 88?
14
What is the remainder when 299 is divided by 101?
97
What is the remainder when 150 is divided by 74?
2
Calculate the remainder when 42 is divided by 4.
2
What is the remainder when 180 is divided by 14?
12
What is the remainder when 491 is divided by 75?
41
What is the remainder when 821 is divided by 193?
49
What is the remainder when 313 is divided by 80?
73